{"version":"1.0","provider_name":"Sigrid Nepelius","provider_url":"https:\/\/www.nepelius.com\/en","author_name":"Sigrid","author_url":"https:\/\/www.nepelius.com\/en\/author\/sigi\/","title":"callas art-affair 2014callas art-affair 2014 - Sigrid Nepelius","type":"rich","width":600,"height":338,"html":"<blockquote class=\"wp-embedded-content\" data-secret=\"LDrMqJpYrZ\"><a href=\"https:\/\/www.nepelius.com\/en\/callas-art-affair-2014\/\"><!--:de-->callas art-affair 2014<!--:--><!--:en-->callas art-affair 2014<!--:--><\/a><\/blockquote><iframe sandbox=\"allow-scripts\" security=\"restricted\" src=\"https:\/\/www.nepelius.com\/en\/callas-art-affair-2014\/embed\/#?secret=LDrMqJpYrZ\" width=\"600\" height=\"338\" title=\"&#8220;&lt;!--:de--&gt;callas art-affair 2014&lt;!--:--&gt;&lt;!--:en--&gt;callas art-affair 2014&lt;!--:--&gt;&#8221; &#8212; Sigrid Nepelius\" data-secret=\"LDrMqJpYrZ\" frameborder=\"0\" marginwidth=\"0\" marginheight=\"0\" scrolling=\"no\" class=\"wp-embedded-content\"><\/iframe><script type=\"text\/javascript\">\n\/* <![CDATA[ *\/\n\/*! This file is auto-generated *\/\n!function(d,l){\"use strict\";l.querySelector&&d.addEventListener&&\"undefined\"!=typeof URL&&(d.wp=d.wp||{},d.wp.receiveEmbedMessage||(d.wp.receiveEmbedMessage=function(e){var t=e.data;if((t||t.secret||t.message||t.value)&&!\/[^a-zA-Z0-9]\/.test(t.secret)){for(var s,r,n,a=l.querySelectorAll('iframe[data-secret=\"'+t.secret+'\"]'),o=l.querySelectorAll('blockquote[data-secret=\"'+t.secret+'\"]'),c=new RegExp(\"^https?:$\",\"i\"),i=0;i<o.length;i++)o[i].style.display=\"none\";for(i=0;i<a.length;i++)s=a[i],e.source===s.contentWindow&&(s.removeAttribute(\"style\"),\"height\"===t.message?(1e3<(r=parseInt(t.value,10))?r=1e3:~~r<200&&(r=200),s.height=r):\"link\"===t.message&&(r=new URL(s.getAttribute(\"src\")),n=new URL(t.value),c.test(n.protocol))&&n.host===r.host&&l.activeElement===s&&(d.top.location.href=t.value))}},d.addEventListener(\"message\",d.wp.receiveEmbedMessage,!1),l.addEventListener(\"DOMContentLoaded\",function(){for(var e,t,s=l.querySelectorAll(\"iframe.wp-embedded-content\"),r=0;r<s.length;r++)(t=(e=s[r]).getAttribute(\"data-secret\"))||(t=Math.random().toString(36).substring(2,12),e.src+=\"#?secret=\"+t,e.setAttribute(\"data-secret\",t)),e.contentWindow.postMessage({message:\"ready\",secret:t},\"*\")},!1)))}(window,document);\n\/\/# sourceURL=https:\/\/www.nepelius.com\/wp-includes\/js\/wp-embed.min.js\n\/* ]]> *\/\n<\/script>","thumbnail_url":"https:\/\/www.nepelius.com\/wp-content\/uploads\/2014\/11\/546f43ed9d5c3.png","thumbnail_width":407,"thumbnail_height":800,"description":"Bereits zum zweiten Mal im heurigen Jahr werden Arbeiten von mir in Bremen (D) zu sehen sein. Ich freue mich sehr, neben 11 tollen KollegInnen an der callas art-affair 2014 teilnehmen zu d\u00fcrfen. Dies ist die zweite art-affair seit Bestehen von callas-bremen. e.V., sie beschlie\u00dft das erste erfolgreiche Jahr des neu gegr\u00fcndeten und sehr engagierten [&hellip;]"}

Bereits zum zweiten Mal im heurigen Jahr werden Arbeiten von mir in Bremen (D) zu sehen sein. Ich freue mich sehr, neben 11 tollen KollegInnen an der callas art-affair 2014 teilnehmen zu dürfen. Dies ist die zweite art-affair seit Bestehen von callas-bremen. e.V., sie beschließt das erste erfolgreiche Jahr des neu gegründeten und sehr engagierten [&hellip;]
