{"version":"1.0","provider_name":"Sigrid Nepelius","provider_url":"https:\/\/www.nepelius.com\/en","author_name":"Sigrid","author_url":"https:\/\/www.nepelius.com\/en\/author\/sigi\/","title":"\"Intermezzo\" in Steyr (O\u00d6) - Sigrid Nepelius","type":"rich","width":600,"height":338,"html":"<blockquote class=\"wp-embedded-content\" data-secret=\"f8nBUJSUq0\"><a href=\"https:\/\/www.nepelius.com\/en\/intermezzo-in-steyr-ooe\/\">&#8220;Intermezzo&#8221; in Steyr (O\u00d6)<\/a><\/blockquote><iframe sandbox=\"allow-scripts\" security=\"restricted\" src=\"https:\/\/www.nepelius.com\/en\/intermezzo-in-steyr-ooe\/embed\/#?secret=f8nBUJSUq0\" width=\"600\" height=\"338\" title=\"&#8220;&#8220;Intermezzo&#8221; in Steyr (O\u00d6)&#8221; &#8212; Sigrid Nepelius\" data-secret=\"f8nBUJSUq0\" frameborder=\"0\" marginwidth=\"0\" marginheight=\"0\" scrolling=\"no\" class=\"wp-embedded-content\"><\/iframe><script type=\"text\/javascript\">\n\/* <![CDATA[ *\/\n\/*! This file is auto-generated *\/\n!function(d,l){\"use strict\";l.querySelector&&d.addEventListener&&\"undefined\"!=typeof URL&&(d.wp=d.wp||{},d.wp.receiveEmbedMessage||(d.wp.receiveEmbedMessage=function(e){var t=e.data;if((t||t.secret||t.message||t.value)&&!\/[^a-zA-Z0-9]\/.test(t.secret)){for(var s,r,n,a=l.querySelectorAll('iframe[data-secret=\"'+t.secret+'\"]'),o=l.querySelectorAll('blockquote[data-secret=\"'+t.secret+'\"]'),c=new RegExp(\"^https?:$\",\"i\"),i=0;i<o.length;i++)o[i].style.display=\"none\";for(i=0;i<a.length;i++)s=a[i],e.source===s.contentWindow&&(s.removeAttribute(\"style\"),\"height\"===t.message?(1e3<(r=parseInt(t.value,10))?r=1e3:~~r<200&&(r=200),s.height=r):\"link\"===t.message&&(r=new URL(s.getAttribute(\"src\")),n=new URL(t.value),c.test(n.protocol))&&n.host===r.host&&l.activeElement===s&&(d.top.location.href=t.value))}},d.addEventListener(\"message\",d.wp.receiveEmbedMessage,!1),l.addEventListener(\"DOMContentLoaded\",function(){for(var e,t,s=l.querySelectorAll(\"iframe.wp-embedded-content\"),r=0;r<s.length;r++)(t=(e=s[r]).getAttribute(\"data-secret\"))||(t=Math.random().toString(36).substring(2,12),e.src+=\"#?secret=\"+t,e.setAttribute(\"data-secret\",t)),e.contentWindow.postMessage({message:\"ready\",secret:t},\"*\")},!1)))}(window,document);\n\/\/# sourceURL=https:\/\/www.nepelius.com\/wp-includes\/js\/wp-embed.min.js\n\/* ]]> *\/\n<\/script>","thumbnail_url":"https:\/\/www.nepelius.com\/wp-content\/uploads\/Plakat_Steyr2026.jpg","thumbnail_width":744,"thumbnail_height":1052,"description":"Die erste Ausstellung 2026 f\u00fchrt mich und meine magischen Tierwesen ins wundersch\u00f6ne Ambiente der Schlossgalerie Steyr (Schloss Lamberg). In dieser Gruppenausstellung zeigen 17 K\u00fcnstlerinnen und K\u00fcnstler des Europ\u00e4ischen Kunstkreises ihre Arbeiten. Eine spannende und vielschichtige Werkschau wartet auf die Besucher!Ich freue mich sehr mit dabei zu sein und zum ersten Mal meine Arbeiten in Steyr [&hellip;]"}

"Intermezzo" in Steyr (OÖ) - Sigrid Nepelius

<blockquote class="wp-embedded-content" data-secret="f8nBUJSUq0"><a href="https://www.nepelius.com/en/intermezzo-in-steyr-ooe/">&#8220;Intermezzo&#8221; in Steyr (OÖ)</a></blockquote><iframe sandbox="allow-scripts" security="restricted" src="https://www.nepelius.com/en/intermezzo-in-steyr-ooe/embed/#?secret=f8nBUJSUq0" width="600" height="338" title="&#8220;&#8220;Intermezzo&#8221; in Steyr (OÖ)&#8221; &#8212; Sigrid Nepelius" data-secret="f8nBUJSUq0" frameborder="0" marginwidth="0" marginheight="0" scrolling="no" class="wp-embedded-content"></iframe><script type="text/javascript">
/* <![CDATA[ */
/*! This file is auto-generated */
!function(d,l){"use strict";l.querySelector&&d.addEventListener&&"undefined"!=typeof URL&&(d.wp=d.wp||{},d.wp.receiveEmbedMessage||(d.wp.receiveEmbedMessage=function(e){var t=e.data;if((t||t.secret||t.message||t.value)&&!/[^a-zA-Z0-9]/.test(t.secret)){for(var s,r,n,a=l.querySelectorAll('iframe[data-secret="'+t.secret+'"]'),o=l.querySelectorAll('blockquote[data-secret="'+t.secret+'"]'),c=new RegExp("^https?:$","i"),i=0;i<o.length;i++)o[i].style.display="none";for(i=0;i<a.length;i++)s=a[i],e.source===s.contentWindow&&(s.removeAttribute("style"),"height"===t.message?(1e3<(r=parseInt(t.value,10))?r=1e3:~~r<200&&(r=200),s.height=r):"link"===t.message&&(r=new URL(s.getAttribute("src")),n=new URL(t.value),c.test(n.protocol))&&n.host===r.host&&l.activeElement===s&&(d.top.location.href=t.value))}},d.addEventListener("message",d.wp.receiveEmbedMessage,!1),l.addEventListener("DOMContentLoaded",function(){for(var e,t,s=l.querySelectorAll("iframe.wp-embedded-content"),r=0;r<s.length;r++)(t=(e=s[r]).getAttribute("data-secret"))||(t=Math.random().toString(36).substring(2,12),e.src+="#?secret="+t,e.setAttribute("data-secret",t)),e.contentWindow.postMessage({message:"ready",secret:t},"*")},!1)))}(window,document);
//# sourceURL=https://www.nepelius.com/wp-includes/js/wp-embed.min.js
/* ]]> */
</script>

Die erste Ausstellung 2026 führt mich und meine magischen Tierwesen ins wunderschöne Ambiente der Schlossgalerie Steyr (Schloss Lamberg). In dieser Gruppenausstellung zeigen 17 Künstlerinnen und Künstler des Europäischen Kunstkreises ihre Arbeiten. Eine spannende und vielschichtige Werkschau wartet auf die Besucher!Ich freue mich sehr mit dabei zu sein und zum ersten Mal meine Arbeiten in Steyr [&hellip;]
